{"id":1044,"date":"2022-08-10T18:51:37","date_gmt":"2022-08-10T18:51:37","guid":{"rendered":"https:\/\/avadawebsites.wpengine.com\/corporation\/?page_id=1044"},"modified":"2025-06-24T15:42:54","modified_gmt":"2025-06-24T15:42:54","slug":"nosotros","status":"publish","type":"page","link":"https:\/\/www.futurbath.com\/index.php\/calidad\/nosotros\/","title":{"rendered":"Sobre nosotros"},"content":{"rendered":"<p><div class=\"fusion-fullwidth fullwidth-box fusion-builder-row-1 fusion-flex-container has-pattern-background has-mask-background hundred-percent-fullwidth non-hundred-percent-height-scrolling\" style=\"--awb-background-position:left top;--awb-border-sizes-top:0px;--awb-border-sizes-bottom:0px;--awb-border-sizes-left:0px;--awb-border-sizes-right:0px;--awb-border-radius-top-left:0px;--awb-border-radius-top-right:0px;--awb-border-radius-bottom-right:0px;--awb-border-radius-bottom-left:0px;--awb-padding-top:0px;--awb-padding-right:0px;--awb-padding-bottom:76px;--awb-padding-left:0px;--awb-padding-top-medium:0px;--awb-padding-bottom-medium:90px;--awb-padding-top-small:0px;--awb-padding-bottom-small:0px;--awb-margin-bottom:0px;--awb-margin-bottom-medium:0px;--awb-flex-wrap:wrap;\" ><div class=\"fusion-builder-row fusion-row fusion-flex-align-items-flex-start fusion-flex-justify-content-flex-end fusion-flex-content-wrap\" style=\"width:calc( 100% + 80px ) !important;max-width:calc( 100% + 80px ) !important;margin-left: calc(-80px \/ 2 );margin-right: calc(-80px \/ 2 );\"><div class=\"fusion-layout-column fusion_builder_column fusion-builder-column-0 fusion_builder_column_1_1 1_1 fusion-flex-column fusion-animated\" style=\"--awb-bg-position:center center;--awb-bg-size:cover;--awb-width-large:100%;--awb-margin-top-large:0px;--awb-spacing-right-large:40px;--awb-margin-bottom-large:6px;--awb-spacing-left-large:40px;--awb-width-medium:100%;--awb-order-medium:0;--awb-spacing-right-medium:40px;--awb-spacing-left-medium:40px;--awb-width-small:100%;--awb-order-small:0;--awb-spacing-right-small:40px;--awb-margin-bottom-small:0px;--awb-spacing-left-small:40px;\" data-animationType=\"fadeInUp\" data-animationDuration=\"0.8\" data-animationOffset=\"top-into-view\"><div class=\"fusion-column-wrapper fusion-column-has-shadow fusion-flex-justify-content-space-around fusion-content-layout-row fusion-content-nowrap\"><div class=\"fusion-image-element \" style=\"text-align:center;--awb-caption-border-color:rgba(170,170,170,0);--awb-caption-overlay-color:rgba(43,43,43,0);--awb-caption-title-font-family:var(--h2_typography-font-family);--awb-caption-title-font-weight:var(--h2_typography-font-weight);--awb-caption-title-font-style:var(--h2_typography-font-style);--awb-caption-title-size:500%;--awb-caption-title-transform:var(--h2_typography-text-transform);--awb-caption-title-line-height:var(--h2_typography-line-height);--awb-caption-title-letter-spacing:var(--h2_typography-letter-spacing);\"><span class=\" fusion-imageframe imageframe-none imageframe-1 awb-imageframe-style awb-imageframe-style-resa\"><img decoding=\"async\" width=\"1920\" height=\"1080\" title=\"fachada fuenlabrada\" src=\"https:\/\/www.futurbath.com\/wp-content\/uploads\/2025\/05\/fachada-fuenlabrada.jpg\" alt class=\"img-responsive wp-image-2656 disable-lazyload\" srcset=\"https:\/\/www.futurbath.com\/wp-content\/uploads\/2025\/05\/fachada-fuenlabrada-200x113.jpg 200w, https:\/\/www.futurbath.com\/wp-content\/uploads\/2025\/05\/fachada-fuenlabrada-400x225.jpg 400w, https:\/\/www.futurbath.com\/wp-content\/uploads\/2025\/05\/fachada-fuenlabrada-600x338.jpg 600w, https:\/\/www.futurbath.com\/wp-content\/uploads\/2025\/05\/fachada-fuenlabrada-800x450.jpg 800w, https:\/\/www.futurbath.com\/wp-content\/uploads\/2025\/05\/fachada-fuenlabrada-1200x675.jpg 1200w, https:\/\/www.futurbath.com\/wp-content\/uploads\/2025\/05\/fachada-fuenlabrada.jpg 1920w\" sizes=\"(max-width: 700px) 100vw, 1920px\" \/><div class=\"awb-imageframe-caption-container\"><div class=\"awb-imageframe-caption\"><h2 class=\"awb-imageframe-caption-title\">SOMOS FUTUR<\/h2><\/div><\/div><\/span><\/div><\/div><\/div><\/div><\/div><div class=\"fusion-fullwidth fullwidth-box fusion-builder-row-2 fusion-flex-container has-pattern-background has-mask-background nonhundred-percent-fullwidth non-hundred-percent-height-scrolling\" style=\"--awb-border-radius-top-left:0px;--awb-border-radius-top-right:0px;--awb-border-radius-bottom-right:0px;--awb-border-radius-bottom-left:0px;--awb-padding-right:0px;--awb-padding-left-small:0px;--awb-margin-top-small:0px;--awb-flex-wrap:wrap;\" ><div class=\"fusion-builder-row fusion-row fusion-flex-align-items-flex-start fusion-flex-content-wrap\" style=\"max-width:104%;margin-left: calc(-4% \/ 2 );margin-right: calc(-4% \/ 2 );\"><div class=\"fusion-layout-column fusion_builder_column fusion-builder-column-1 fusion_builder_column_1_2 1_2 fusion-flex-column fusion-flex-align-self-center\" style=\"--awb-padding-right-small:5%;--awb-padding-left-small:5%;--awb-bg-size:cover;--awb-width-large:50%;--awb-margin-top-large:0px;--awb-spacing-right-large:15.168%;--awb-margin-bottom-large:0px;--awb-spacing-left-large:19.776%;--awb-width-medium:50%;--awb-order-medium:0;--awb-spacing-right-medium:15.168%;--awb-spacing-left-medium:19.776%;--awb-width-small:100%;--awb-order-small:0;--awb-spacing-right-small:1.92%;--awb-spacing-left-small:1.92%;\"><div class=\"fusion-column-wrapper fusion-column-has-shadow fusion-flex-justify-content-center fusion-content-layout-column\"><div class=\"fusion-text fusion-text-1\" style=\"--awb-font-size:200%;\"><p><b>Grupo Futur<\/b><\/p>\n<\/div><div class=\"fusion-text fusion-text-2\"><p><span class=\"_fadeIn_m1hgl_8\">Grupo <\/span><span class=\"_fadeIn_m1hgl_8\">Futur <\/span><span class=\"_fadeIn_m1hgl_8\">es <\/span><span class=\"_fadeIn_m1hgl_8\">una <\/span><span class=\"_fadeIn_m1hgl_8\">empresa <\/span><span class=\"_fadeIn_m1hgl_8\">consolidada <\/span><span class=\"_fadeIn_m1hgl_8\">con <\/span><span class=\"_fadeIn_m1hgl_8\">m\u00e1s <\/span><span class=\"_fadeIn_m1hgl_8\">de <\/span><span class=\"_fadeIn_m1hgl_8\">25 <\/span><span class=\"_fadeIn_m1hgl_8\">a\u00f1os <\/span><span class=\"_fadeIn_m1hgl_8\">de <\/span><span class=\"_fadeIn_m1hgl_8\">experiencia <\/span><span class=\"_fadeIn_m1hgl_8\">en <\/span><span class=\"_fadeIn_m1hgl_8\">la <\/span><span class=\"_fadeIn_m1hgl_8\">fabricaci\u00f3n <\/span><span class=\"_fadeIn_m1hgl_8\">de <\/span><span class=\"_fadeIn_m1hgl_8\">equipamiento <\/span><span class=\"_fadeIn_m1hgl_8\">para <\/span><span class=\"_fadeIn_m1hgl_8\">ba\u00f1os. <\/span><span class=\"_fadeIn_m1hgl_8\">Nuestro <\/span><span class=\"_fadeIn_m1hgl_8\">enfoque <\/span><span class=\"_fadeIn_m1hgl_8\">est\u00e1 <\/span><span class=\"_fadeIn_m1hgl_8\">centrado <\/span><span class=\"_fadeIn_m1hgl_8\">en <\/span><span class=\"_fadeIn_m1hgl_8\">el <\/span><span class=\"_fadeIn_m1hgl_8\">cliente, <\/span><span class=\"_fadeIn_m1hgl_8\">ofreciendo <\/span><span class=\"_fadeIn_m1hgl_8\">soluciones <\/span><span class=\"_fadeIn_m1hgl_8\">fiables, <\/span><span class=\"_fadeIn_m1hgl_8\">funcionales <\/span><span class=\"_fadeIn_m1hgl_8\">y <\/span><span class=\"_fadeIn_m1hgl_8\">adaptadas <\/span><span class=\"_fadeIn_m1hgl_8\">a <\/span><span class=\"_fadeIn_m1hgl_8\">cada <\/span><span class=\"_fadeIn_m1hgl_8\">mercado. <\/span><span class=\"_fadeIn_m1hgl_8\">La <\/span><span class=\"_fadeIn_m1hgl_8\">confianza <\/span><span class=\"_fadeIn_m1hgl_8\">de <\/span><span class=\"_fadeIn_m1hgl_8\">nuestros <\/span><span class=\"_fadeIn_m1hgl_8\">clientes <\/span><span class=\"_fadeIn_m1hgl_8\">ha <\/span><span class=\"_fadeIn_m1hgl_8\">sido <\/span><span class=\"_fadeIn_m1hgl_8\">clave <\/span><span class=\"_fadeIn_m1hgl_8\">para <\/span><span class=\"_fadeIn_m1hgl_8\">nuestra <\/span><span class=\"_fadeIn_m1hgl_8\">expansi\u00f3n <\/span><span class=\"_fadeIn_m1hgl_8\">internacional <\/span><span class=\"_fadeIn_m1hgl_8\">y <\/span><span class=\"_fadeIn_m1hgl_8\">para <\/span><span class=\"_fadeIn_m1hgl_8\">posicionarnos <\/span><span class=\"_fadeIn_m1hgl_8\">como <\/span><span class=\"_fadeIn_m1hgl_8\">un <\/span><span class=\"_fadeIn_m1hgl_8\">referente <\/span><span class=\"_fadeIn_m1hgl_8\">s\u00f3lido <\/span><span class=\"_fadeIn_m1hgl_8\">en <\/span><span class=\"_fadeIn_m1hgl_8\">el <\/span><span class=\"_fadeIn_m1hgl_8\">sector <\/span><span class=\"_fadeIn_m1hgl_8\">a <\/span><span class=\"_fadeIn_m1hgl_8\">nivel <\/span><span class=\"_fadeIn_m1hgl_8\">global.<\/span><\/p>\n<\/div><\/div><\/div><div class=\"fusion-layout-column fusion_builder_column fusion-builder-column-2 fusion_builder_column_1_2 1_2 fusion-flex-column\" style=\"--awb-bg-size:cover;--awb-width-large:50%;--awb-margin-top-large:0px;--awb-spacing-right-large:3.84%;--awb-margin-bottom-large:20px;--awb-spacing-left-large:3.84%;--awb-width-medium:50%;--awb-order-medium:0;--awb-spacing-right-medium:3.84%;--awb-spacing-left-medium:3.84%;--awb-width-small:100%;--awb-order-small:0;--awb-spacing-right-small:1.92%;--awb-spacing-left-small:1.92%;\"><div class=\"fusion-column-wrapper fusion-column-has-shadow fusion-flex-justify-content-flex-start fusion-content-layout-column\"><div class=\"fusion-image-element \" style=\"--awb-caption-title-font-family:var(--h2_typography-font-family);--awb-caption-title-font-weight:var(--h2_typography-font-weight);--awb-caption-title-font-style:var(--h2_typography-font-style);--awb-caption-title-size:var(--h2_typography-font-size);--awb-caption-title-transform:var(--h2_typography-text-transform);--awb-caption-title-line-height:var(--h2_typography-line-height);--awb-caption-title-letter-spacing:var(--h2_typography-letter-spacing);\"><span class=\" fusion-imageframe imageframe-none imageframe-2 hover-type-none\"><img decoding=\"async\" width=\"1000\" height=\"567\" title=\"Captura de pantalla 2024-10-15 a las 17.52.35\" src=\"https:\/\/www.futurbath.com\/wp-content\/uploads\/2025\/06\/Captura-de-pantalla-2024-10-15-a-las-17.52.35.jpg\" data-orig-src=\"https:\/\/www.futurbath.com\/wp-content\/uploads\/2025\/06\/Captura-de-pantalla-2024-10-15-a-las-17.52.35.jpg\" alt class=\"lazyload img-responsive wp-image-3212\" srcset=\"data:image\/svg+xml,%3Csvg%20xmlns%3D%27http%3A%2F%2Fwww.w3.org%2F2000%2Fsvg%27%20width%3D%271000%27%20height%3D%27567%27%20viewBox%3D%270%200%201000%20567%27%3E%3Crect%20width%3D%271000%27%20height%3D%27567%27%20fill-opacity%3D%220%22%2F%3E%3C%2Fsvg%3E\" data-srcset=\"https:\/\/www.futurbath.com\/wp-content\/uploads\/2025\/06\/Captura-de-pantalla-2024-10-15-a-las-17.52.35-200x113.jpg 200w, https:\/\/www.futurbath.com\/wp-content\/uploads\/2025\/06\/Captura-de-pantalla-2024-10-15-a-las-17.52.35-400x227.jpg 400w, https:\/\/www.futurbath.com\/wp-content\/uploads\/2025\/06\/Captura-de-pantalla-2024-10-15-a-las-17.52.35-600x340.jpg 600w, https:\/\/www.futurbath.com\/wp-content\/uploads\/2025\/06\/Captura-de-pantalla-2024-10-15-a-las-17.52.35-800x454.jpg 800w, https:\/\/www.futurbath.com\/wp-content\/uploads\/2025\/06\/Captura-de-pantalla-2024-10-15-a-las-17.52.35.jpg 1000w\" data-sizes=\"auto\" data-orig-sizes=\"(max-width: 700px) 100vw, 1000px\" \/><\/span><\/div><\/div><\/div><\/div><\/div><div class=\"fusion-fullwidth fullwidth-box fusion-builder-row-3 fusion-flex-container has-pattern-background has-mask-background nonhundred-percent-fullwidth non-hundred-percent-height-scrolling\" style=\"--awb-border-radius-top-left:0px;--awb-border-radius-top-right:0px;--awb-border-radius-bottom-right:0px;--awb-border-radius-bottom-left:0px;--awb-flex-wrap:wrap;\" ><div class=\"fusion-builder-row fusion-row fusion-flex-align-items-flex-start fusion-flex-content-wrap\" style=\"max-width:104%;margin-left: calc(-4% \/ 2 );margin-right: calc(-4% \/ 2 );\"><div class=\"fusion-layout-column fusion_builder_column fusion-builder-column-3 fusion_builder_column_1_2 1_2 fusion-flex-column\" style=\"--awb-bg-size:cover;--awb-width-large:50%;--awb-margin-top-large:0px;--awb-spacing-right-large:13.248%;--awb-margin-bottom-large:20px;--awb-spacing-left-large:20.544%;--awb-width-medium:50%;--awb-order-medium:0;--awb-spacing-right-medium:13.248%;--awb-spacing-left-medium:20.544%;--awb-width-small:100%;--awb-order-small:0;--awb-spacing-right-small:1.92%;--awb-spacing-left-small:1.92%;\"><div class=\"fusion-column-wrapper fusion-column-has-shadow fusion-flex-justify-content-flex-start fusion-content-layout-column\"><div class=\"fusion-image-element \" style=\"--awb-caption-title-font-family:var(--h2_typography-font-family);--awb-caption-title-font-weight:var(--h2_typography-font-weight);--awb-caption-title-font-style:var(--h2_typography-font-style);--awb-caption-title-size:var(--h2_typography-font-size);--awb-caption-title-transform:var(--h2_typography-text-transform);--awb-caption-title-line-height:var(--h2_typography-line-height);--awb-caption-title-letter-spacing:var(--h2_typography-letter-spacing);\"><span class=\" fusion-imageframe imageframe-none imageframe-3 hover-type-none\"><img decoding=\"async\" width=\"1587\" height=\"2560\" title=\"espejos\" src=\"https:\/\/www.futurbath.com\/wp-content\/uploads\/2025\/05\/espejos-scaled.jpeg\" data-orig-src=\"https:\/\/www.futurbath.com\/wp-content\/uploads\/2025\/05\/espejos-scaled.jpeg\" alt class=\"lazyload img-responsive wp-image-2657\" srcset=\"data:image\/svg+xml,%3Csvg%20xmlns%3D%27http%3A%2F%2Fwww.w3.org%2F2000%2Fsvg%27%20width%3D%271587%27%20height%3D%272560%27%20viewBox%3D%270%200%201587%202560%27%3E%3Crect%20width%3D%271587%27%20height%3D%272560%27%20fill-opacity%3D%220%22%2F%3E%3C%2Fsvg%3E\" data-srcset=\"https:\/\/www.futurbath.com\/wp-content\/uploads\/2025\/05\/espejos-200x323.jpeg 200w, https:\/\/www.futurbath.com\/wp-content\/uploads\/2025\/05\/espejos-400x645.jpeg 400w, https:\/\/www.futurbath.com\/wp-content\/uploads\/2025\/05\/espejos-600x968.jpeg 600w, https:\/\/www.futurbath.com\/wp-content\/uploads\/2025\/05\/espejos-800x1290.jpeg 800w, https:\/\/www.futurbath.com\/wp-content\/uploads\/2025\/05\/espejos-1200x1936.jpeg 1200w, https:\/\/www.futurbath.com\/wp-content\/uploads\/2025\/05\/espejos-scaled.jpeg 1587w\" data-sizes=\"auto\" data-orig-sizes=\"(max-width: 700px) 100vw, 800px\" \/><\/span><\/div><\/div><\/div><div class=\"fusion-layout-column fusion_builder_column fusion-builder-column-4 fusion_builder_column_1_2 1_2 fusion-flex-column fusion-flex-align-self-center\" style=\"--awb-bg-size:cover;--awb-width-large:50%;--awb-margin-top-large:0px;--awb-spacing-right-large:24.192%;--awb-margin-bottom-large:0px;--awb-spacing-left-large:5.952%;--awb-width-medium:50%;--awb-order-medium:0;--awb-spacing-right-medium:24.192%;--awb-spacing-left-medium:5.952%;--awb-width-small:100%;--awb-order-small:0;--awb-spacing-right-small:1.92%;--awb-spacing-left-small:1.92%;\"><div class=\"fusion-column-wrapper fusion-column-has-shadow fusion-flex-justify-content-center fusion-content-layout-column\"><div class=\"fusion-text fusion-text-3\" style=\"--awb-font-size:200%;\"><p><b>Nuestras f\u00e1bricas<\/b><\/p>\n<\/div><div class=\"fusion-text fusion-text-4\"><p>Grupo Futur contamos con centros de producci\u00f3n estrat\u00e9gicamente ubicados en Espa\u00f1a y Asia, lo que nos permite ofrecer una alta capacidad de fabricaci\u00f3n y respuesta \u00e1gil a nuestros clientes. Disponemos de un almac\u00e9n central en Madrid con m\u00e1s de 1.000 ubicaciones, optimizado para garantizar una log\u00edstica eficiente y disponibilidad constante de producto. <\/p>\n<p>Nuestro departamento de I+D impulsa el desarrollo de soluciones innovadoras, mientras que el control total sobre todos los procesos de producci\u00f3n asegura la calidad y fiabilidad que nos caracteriza en cada proyecto.<\/p>\n<\/div><\/div><\/div><div class=\"fusion-layout-column fusion_builder_column fusion-builder-column-5 fusion_builder_column_1_2 1_2 fusion-flex-column\" style=\"--awb-bg-size:cover;--awb-width-large:50%;--awb-margin-top-large:0px;--awb-spacing-right-large:3.84%;--awb-margin-bottom-large:20px;--awb-spacing-left-large:3.84%;--awb-width-medium:50%;--awb-order-medium:0;--awb-spacing-right-medium:3.84%;--awb-spacing-left-medium:3.84%;--awb-width-small:100%;--awb-order-small:0;--awb-spacing-right-small:1.92%;--awb-spacing-left-small:1.92%;\"><div class=\"fusion-column-wrapper fusion-column-has-shadow fusion-flex-justify-content-flex-start fusion-content-layout-column\"><\/div><\/div><\/div><\/div><\/p>\n","protected":false},"excerpt":{"rendered":"","protected":false},"author":1,"featured_media":0,"parent":66,"menu_order":0,"comment_status":"closed","ping_status":"closed","template":"100-width.php","meta":{"footnotes":""},"class_list":["post-1044","page","type-page","status-publish","hentry"],"_links":{"self":[{"href":"https:\/\/www.futurbath.com\/index.php\/wp-json\/wp\/v2\/pages\/1044","targetHints":{"allow":["GET"]}}],"collection":[{"href":"https:\/\/www.futurbath.com\/index.php\/wp-json\/wp\/v2\/pages"}],"about":[{"href":"https:\/\/www.futurbath.com\/index.php\/wp-json\/wp\/v2\/types\/page"}],"author":[{"embeddable":true,"href":"https:\/\/www.futurbath.com\/index.php\/wp-json\/wp\/v2\/users\/1"}],"replies":[{"embeddable":true,"href":"https:\/\/www.futurbath.com\/index.php\/wp-json\/wp\/v2\/comments?post=1044"}],"version-history":[{"count":19,"href":"https:\/\/www.futurbath.com\/index.php\/wp-json\/wp\/v2\/pages\/1044\/revisions"}],"predecessor-version":[{"id":3220,"href":"https:\/\/www.futurbath.com\/index.php\/wp-json\/wp\/v2\/pages\/1044\/revisions\/3220"}],"up":[{"embeddable":true,"href":"https:\/\/www.futurbath.com\/index.php\/wp-json\/wp\/v2\/pages\/66"}],"wp:attachment":[{"href":"https:\/\/www.futurbath.com\/index.php\/wp-json\/wp\/v2\/media?parent=1044"}],"curies":[{"name":"wp","href":"https:\/\/api.w.org\/{rel}","templated":true}]}}